101.99.88.90 - - [03/Nov/2025:04:28:17 +0200] "GET / HTTP/1.1" 200 141241 "-" "Mozilla/5.0 (compatible; Googlebot/2.1; +http://www.google.com/bot.html)"
101.99.88.90 - - [03/Nov/2025:04:28:20 +0200] "GET /23866779 HTTP/1.1" 200 135740 "-" "Mozilla/5.0 (compatible; Googlebot/2.1; +http://www.google.com/bot.html)"
49.12.66.195 - - [03/Nov/2025:04:30:16 +0200] "POST /index.php?6705c2=51129 HTTP/1.1" 200 1704 "-" "Mozilla/5.0 (Windows NT 10.0; Win64; x64) AppleWebKit/537.36 (KHTML, like Gecko) Chrome/104.0.5112.97 Safari/537.36"
63.141.250.58 - - [03/Nov/2025:04:45:12 +0200] "GET /index.php?params=1 HTTP/1.1" 200 73162 "-" "Mozilla/5.0 (Windows NT 10.0; Win64; x64) AppleWebKit/537.36 (KHTML, like Gecko) Chrome/91.0.4472.106 Safari/537.36"
136.244.79.211 - - [03/Nov/2025:04:45:26 +0200] "POST /index.php?c5ffec=13879 HTTP/1.1" 200 1704 "-" "Mozilla/5.0 (Windows NT 10.0; Win64; x64) AppleWebKit/537.36 (KHTML, like Gecko) Chrome/104.0.5112.97 Safari/537.36"
91.107.202.135 - - [03/Nov/2025:05:00:27 +0200] "POST /index.php?c615ef=49690 HTTP/1.1" 200 1704 "-" "Mozilla/5.0 (Windows NT 10.0; Win64; x64) AppleWebKit/537.36 (KHTML, like Gecko) Chrome/104.0.5112.97 Safari/537.36"
170.106.113.159 - - [03/Nov/2025:05:05:47 +0200] "GET / HTTP/1.1" 200 58480 "-" "Mozilla/5.0 (iPhone; CPU iPhone OS 13_2_3 like Mac OS X) AppleWebKit/605.1.15 (KHTML, like Gecko) Version/13.0.3 Mobile/15E148 Safari/604.1"
169.150.203.251 - - [03/Nov/2025:05:06:06 +0200] "GET / HTTP/1.1" 200 58480 "-" "Mozilla/5.0 (Windows NT 10.0; Win64; x64) AppleWebKit/537.36 (KHTML, like Gecko) Chrome/78.0.3904.108 Safari/537.36"
169.150.203.251 - - [03/Nov/2025:05:06:08 +0200] "GET / HTTP/1.1" 200 58480 "-" "Mozilla/5.0 (Windows NT 10.0; Win64; x64) AppleWebKit/537.36 (KHTML, like Gecko) Chrome/78.0.3904.108 Safari/537.36"
43.130.139.136 - - [03/Nov/2025:05:06:07 +0200] "GET / HTTP/1.1" 200 58480 "-" "Mozilla/5.0 (iPhone; CPU iPhone OS 13_2_3 like Mac OS X) AppleWebKit/605.1.15 (KHTML, like Gecko) Version/13.0.3 Mobile/15E148 Safari/604.1"
169.150.203.251 - - [03/Nov/2025:05:06:09 +0200] "GET /wp-includes/wlwmanifest.xml HTTP/1.1" 200 72996 "-" "Mozilla/5.0 (Windows NT 10.0; Win64; x64) AppleWebKit/537.36 (KHTML, like Gecko) Chrome/78.0.3904.108 Safari/537.36"
169.150.203.251 - - [03/Nov/2025:05:06:10 +0200] "GET /xmlrpc.php?rsd HTTP/1.1" 403 72996 "-" "Mozilla/5.0 (Windows NT 10.0; Win64; x64) AppleWebKit/537.36 (KHTML, like Gecko) Chrome/78.0.3904.108 Safari/537.36"
169.150.203.251 - - [03/Nov/2025:05:06:12 +0200] "GET / HTTP/1.1" 200 58480 "-" "Mozilla/5.0 (Windows NT 10.0; Win64; x64) AppleWebKit/537.36 (KHTML, like Gecko) Chrome/78.0.3904.108 Safari/537.36"
169.150.203.251 - - [03/Nov/2025:05:06:13 +0200] "GET /blog/wp-includes/wlwmanifest.xml HTTP/1.1" 200 72996 "-" "Mozilla/5.0 (Windows NT 10.0; Win64; x64) AppleWebKit/537.36 (KHTML, like Gecko) Chrome/78.0.3904.108 Safari/537.36"
169.150.203.251 - - [03/Nov/2025:05:06:14 +0200] "GET /web/wp-includes/wlwmanifest.xml HTTP/1.1" 200 72996 "-" "Mozilla/5.0 (Windows NT 10.0; Win64; x64) AppleWebKit/537.36 (KHTML, like Gecko) Chrome/78.0.3904.108 Safari/537.36"
169.150.203.251 - - [03/Nov/2025:05:06:16 +0200] "GET /wordpress/wp-includes/wlwmanifest.xml HTTP/1.1" 200 72996 "-" "Mozilla/5.0 (Windows NT 10.0; Win64; x64) AppleWebKit/537.36 (KHTML, like Gecko) Chrome/78.0.3904.108 Safari/537.36"
169.150.203.251 - - [03/Nov/2025:05:06:18 +0200] "GET /website/wp-includes/wlwmanifest.xml HTTP/1.1" 200 72996 "-" "Mozilla/5.0 (Windows NT 10.0; Win64; x64) AppleWebKit/537.36 (KHTML, like Gecko) Chrome/78.0.3904.108 Safari/537.36"
169.150.203.251 - - [03/Nov/2025:05:06:20 +0200] "GET /wp/wp-includes/wlwmanifest.xml HTTP/1.1" 200 72996 "-" "Mozilla/5.0 (Windows NT 10.0; Win64; x64) AppleWebKit/537.36 (KHTML, like Gecko) Chrome/78.0.3904.108 Safari/537.36"
169.150.203.251 - - [03/Nov/2025:05:06:22 +0200] "GET /news/wp-includes/wlwmanifest.xml HTTP/1.1" 200 72996 "-" "Mozilla/5.0 (Windows NT 10.0; Win64; x64) AppleWebKit/537.36 (KHTML, like Gecko) Chrome/78.0.3904.108 Safari/537.36"
169.150.203.251 - - [03/Nov/2025:05:06:24 +0200] "GET /2018/wp-includes/wlwmanifest.xml HTTP/1.1" 200 72996 "-" "Mozilla/5.0 (Windows NT 10.0; Win64; x64) AppleWebKit/537.36 (KHTML, like Gecko) Chrome/78.0.3904.108 Safari/537.36"
169.150.203.251 - - [03/Nov/2025:05:06:26 +0200] "GET /2019/wp-includes/wlwmanifest.xml HTTP/1.1" 200 72996 "-" "Mozilla/5.0 (Windows NT 10.0; Win64; x64) AppleWebKit/537.36 (KHTML, like Gecko) Chrome/78.0.3904.108 Safari/537.36"
169.150.203.251 - - [03/Nov/2025:05:06:27 +0200] "GET /shop/wp-includes/wlwmanifest.xml HTTP/1.1" 200 72996 "-" "Mozilla/5.0 (Windows NT 10.0; Win64; x64) AppleWebKit/537.36 (KHTML, like Gecko) Chrome/78.0.3904.108 Safari/537.36"
169.150.203.251 - - [03/Nov/2025:05:06:29 +0200] "GET /wp1/wp-includes/wlwmanifest.xml HTTP/1.1" 200 72996 "-" "Mozilla/5.0 (Windows NT 10.0; Win64; x64) AppleWebKit/537.36 (KHTML, like Gecko) Chrome/78.0.3904.108 Safari/537.36"
169.150.203.251 - - [03/Nov/2025:05:06:32 +0200] "GET /test/wp-includes/wlwmanifest.xml HTTP/1.1" 200 72996 "-" "Mozilla/5.0 (Windows NT 10.0; Win64; x64) AppleWebKit/537.36 (KHTML, like Gecko) Chrome/78.0.3904.108 Safari/537.36"
169.150.203.251 - - [03/Nov/2025:05:06:34 +0200] "GET /media/wp-includes/wlwmanifest.xml HTTP/1.1" 200 72996 "-" "Mozilla/5.0 (Windows NT 10.0; Win64; x64) AppleWebKit/537.36 (KHTML, like Gecko) Chrome/78.0.3904.108 Safari/537.36"
169.150.203.251 - - [03/Nov/2025:05:06:36 +0200] "GET /wp2/wp-includes/wlwmanifest.xml HTTP/1.1" 200 72996 "-" "Mozilla/5.0 (Windows NT 10.0; Win64; x64) AppleWebKit/537.36 (KHTML, like Gecko) Chrome/78.0.3904.108 Safari/537.36"
169.150.203.251 - - [03/Nov/2025:05:06:37 +0200] "GET /site/wp-includes/wlwmanifest.xml HTTP/1.1" 200 72996 "-" "Mozilla/5.0 (Windows NT 10.0; Win64; x64) AppleWebKit/537.36 (KHTML, like Gecko) Chrome/78.0.3904.108 Safari/537.36"
169.150.203.251 - - [03/Nov/2025:05:06:39 +0200] "GET /cms/wp-includes/wlwmanifest.xml HTTP/1.1" 200 72996 "-" "Mozilla/5.0 (Windows NT 10.0; Win64; x64) AppleWebKit/537.36 (KHTML, like Gecko) Chrome/78.0.3904.108 Safari/537.36"
169.150.203.251 - - [03/Nov/2025:05:06:41 +0200] "GET /sito/wp-includes/wlwmanifest.xml HTTP/1.1" 200 72996 "-" "Mozilla/5.0 (Windows NT 10.0; Win64; x64) AppleWebKit/537.36 (KHTML, like Gecko) Chrome/78.0.3904.108 Safari/537.36"
173.208.148.34 - - [03/Nov/2025:05:06:55 +0200] "GET /index.php?params=1 HTTP/1.1" 200 73162 "-" "Mozilla/5.0 (Windows NT 10.0; Win64; x64) AppleWebKit/537.36 (KHTML, like Gecko) Chrome/91.0.4472.106 Safari/537.36"
138.201.158.24 - - [03/Nov/2025:05:15:37 +0200] "POST /index.php?634a7c=20430 HTTP/1.1" 200 1704 "-" "Mozilla/5.0 (Windows NT 10.0; Win64; x64) AppleWebKit/537.36 (KHTML, like Gecko) Chrome/104.0.5112.97 Safari/537.36"
104.223.87.12 - - [03/Nov/2025:05:17:01 +0200] "GET http://govan.co.za/wp-includes/theme-compat/index.php HTTP/1.1" 200 72996 "-" "Mozilla/5.0 (Windows NT 10.0; Win64; x64) AppleWebKit/537.36 (KHTML, like Gecko) Chrome/138.0.0.0 Safari/537.36"
104.223.87.12 - - [03/Nov/2025:05:17:07 +0200] "GET http://govan.co.za/favicon.ico HTTP/1.1" 200 73162 "http://govan.co.za/wp-includes/theme-compat/index.php" "Mozilla/5.0 (Windows NT 10.0; Win64; x64) AppleWebKit/537.36 (KHTML, like Gecko) Chrome/138.0.0.0 Safari/537.36"
185.2.5.31 - - [03/Nov/2025:05:30:10 +0200] "GET /wp-login.php HTTP/1.1" 200 72996 "" "Mozilla/5.0 (Windows NT 10.0; Win64; x64; rv:144.0) Gecko/20100101 Firefox/144.0"
116.202.110.255 - - [03/Nov/2025:05:30:45 +0200] "POST /index.php?039436=46141 HTTP/1.1" 200 1704 "-" "Mozilla/5.0 (Windows NT 10.0; Win64; x64) AppleWebKit/537.36 (KHTML, like Gecko) Chrome/104.0.5112.97 Safari/537.36"
217.69.12.130 - - [03/Nov/2025:05:45:47 +0200] "POST /index.php?428392=3415 HTTP/1.1" 200 1704 "-" "Mozilla/5.0 (Windows NT 10.0; Win64; x64) AppleWebKit/537.36 (KHTML, like Gecko) Chrome/104.0.5112.97 Safari/537.36"
102.219.84.141 - - [03/Nov/2025:05:58:18 +0200] "GET /.well-known/pki-validation/dropdown.php HTTP/1.1" 404 - "-" "get_local:DCV"
49.13.10.198 - - [03/Nov/2025:06:00:47 +0200] "POST /index.php?b0f248=98324 HTTP/1.1" 200 1704 "-" "Mozilla/5.0 (Windows NT 10.0; Win64; x64) AppleWebKit/537.36 (KHTML, like Gecko) Chrome/104.0.5112.97 Safari/537.36"
217.69.12.130 - - [03/Nov/2025:06:15:57 +0200] "POST /index.php?bb8d3b=95391 HTTP/1.1" 200 1704 "-" "Mozilla/5.0 (Windows NT 10.0; Win64; x64) AppleWebKit/537.36 (KHTML, like Gecko) Chrome/104.0.5112.97 Safari/537.36"
45.61.161.80 - - [03/Nov/2025:06:19:03 +0200] "HEAD / HTTP/1.1" 200 - "https://govan.co.za/" "Mozilla/5.0 (Windows NT 10.0; Win64; x64) AppleWebKit/537.36 (KHTML, like Gecko) Chrome/91.0.4472.124 Safari/537.36"
138.201.158.24 - - [03/Nov/2025:06:31:06 +0200] "POST /index.php?d11dde=18831 HTTP/1.1" 200 1704 "-" "Mozilla/5.0 (Windows NT 10.0; Win64; x64) AppleWebKit/537.36 (KHTML, like Gecko) Chrome/104.0.5112.97 Safari/537.36"
138.201.158.24 - - [03/Nov/2025:06:46:16 +0200] "POST /index.php?612be0=12674 HTTP/1.1" 200 1704 "-" "Mozilla/5.0 (Windows NT 10.0; Win64; x64) AppleWebKit/537.36 (KHTML, like Gecko) Chrome/104.0.5112.97 Safari/537.36"
116.202.110.255 - - [03/Nov/2025:07:01:26 +0200] "POST /index.php?cb006e=8788 HTTP/1.1" 200 1704 "-" "Mozilla/5.0 (Windows NT 10.0; Win64; x64) AppleWebKit/537.36 (KHTML, like Gecko) Chrome/104.0.5112.97 Safari/537.36"
136.244.79.211 - - [03/Nov/2025:07:16:27 +0200] "POST /index.php?648b89=70528 HTTP/1.1" 200 1704 "-" "Mozilla/5.0 (Windows NT 10.0; Win64; x64) AppleWebKit/537.36 (KHTML, like Gecko) Chrome/104.0.5112.97 Safari/537.36"
51.158.252.3 - - [03/Nov/2025:07:18:55 +0200] "GET /.well-known/ HTTP/1.1" 403 73162 "-" "Mozilla/5.0 (Windows NT 10.0; Win64; x64) AppleWebKit/537.36 (KHTML, like Gecko) Chrome/142.0.0.0 Safari/537.36 Edg/142.0.0.0"
51.158.252.3 - - [03/Nov/2025:07:19:06 +0200] "GET /favicon.ico HTTP/1.1" 200 71612 "http://govan.co.za/.well-known/" "Mozilla/5.0 (Windows NT 10.0; Win64; x64) AppleWebKit/537.36 (KHTML, like Gecko) Chrome/142.0.0.0 Safari/537.36 Edg/142.0.0.0"
49.12.219.178 - - [03/Nov/2025:07:31:27 +0200] "POST /index.php?91ec06=26658 HTTP/1.1" 200 1704 "-" "Mozilla/5.0 (Windows NT 10.0; Win64; x64) AppleWebKit/537.36 (KHTML, like Gecko) Chrome/104.0.5112.97 Safari/537.36"
49.12.219.178 - - [03/Nov/2025:07:46:36 +0200] "POST /index.php?03290c=90013 HTTP/1.1" 200 1704 "-" "Mozilla/5.0 (Windows NT 10.0; Win64; x64) AppleWebKit/537.36 (KHTML, like Gecko) Chrome/104.0.5112.97 Safari/537.36"
188.245.58.208 - - [03/Nov/2025:08:01:47 +0200] "POST /index.php?96e3ec=52356 HTTP/1.1" 200 1704 "-" "Mozilla/5.0 (Windows NT 10.0; Win64; x64) AppleWebKit/537.36 (KHTML, like Gecko) Chrome/104.0.5112.97 Safari/537.36"
51.159.226.149 - - [03/Nov/2025:08:05:16 +0200] "GET /.well-known/ HTTP/1.1" 403 73162 "-" "Mozilla/5.0 (Windows NT 10.0; Win64; x64) AppleWebKit/537.36 (KHTML, like Gecko) Chrome/142.0.0.0 Safari/537.36 Edg/142.0.0.0"
51.159.226.149 - - [03/Nov/2025:08:05:33 +0200] "GET /favicon.ico HTTP/1.1" 200 71612 "http://govan.co.za/.well-known/" "Mozilla/5.0 (Windows NT 10.0; Win64; x64) AppleWebKit/537.36 (KHTML, like Gecko) Chrome/142.0.0.0 Safari/537.36 Edg/142.0.0.0"
49.13.217.108 - - [03/Nov/2025:08:16:56 +0200] "POST /index.php?5ce536=37836 HTTP/1.1" 200 1704 "-" "Mozilla/5.0 (Windows NT 10.0; Win64; x64) AppleWebKit/537.36 (KHTML, like Gecko) Chrome/104.0.5112.97 Safari/537.36"
52.123.190.36 - - [03/Nov/2025:08:26:24 +0200] "GET /wp-includes/theme-compat/index.php HTTP/1.1" 200 72996 "-" "-"
52.123.190.89 - - [03/Nov/2025:08:28:27 +0200] "GET /wp-includes/theme-compat/index.php HTTP/1.1" 200 72996 "-" "-"
188.245.49.234 - - [03/Nov/2025:08:31:56 +0200] "POST /index.php?57de06=8905 HTTP/1.1" 200 1704 "-" "Mozilla/5.0 (Windows NT 10.0; Win64; x64) AppleWebKit/537.36 (KHTML, like Gecko) Chrome/104.0.5112.97 Safari/537.36"
101.99.88.90 - - [03/Nov/2025:08:33:17 +0200] "GET / HTTP/1.1" 200 140702 "-" "Mozilla/5.0 (compatible; Googlebot/2.1; +http://www.google.com/bot.html)"
101.99.88.90 - - [03/Nov/2025:08:33:44 +0200] "GET / HTTP/1.1" 200 141281 "-" "Mozilla/5.0 (compatible; Googlebot/2.1; +http://www.google.com/bot.html)"
101.99.88.90 - - [03/Nov/2025:08:33:46 +0200] "GET /23866779 HTTP/1.1" 200 136175 "-" "Mozilla/5.0 (compatible; Googlebot/2.1; +http://www.google.com/bot.html)"
63.141.250.58 - - [03/Nov/2025:08:40:43 +0200] "GET /index.php?params=1 HTTP/1.1" 200 73162 "-" "Mozilla/5.0 (Windows NT 10.0; Win64; x64) AppleWebKit/537.36 (KHTML, like Gecko) Chrome/91.0.4472.106 Safari/537.36"
173.208.148.34 - - [03/Nov/2025:08:43:55 +0200] "GET /index.php?params=1 HTTP/1.1" 200 73162 "-" "Mozilla/5.0 (Windows NT 10.0; Win64; x64) AppleWebKit/537.36 (KHTML, like Gecko) Chrome/91.0.4472.106 Safari/537.36"
217.69.12.130 - - [03/Nov/2025:08:46:56 +0200] "POST /index.php?0418c8=14197 HTTP/1.1" 200 1704 "-" "Mozilla/5.0 (Windows NT 10.0; Win64; x64) AppleWebKit/537.36 (KHTML, like Gecko) Chrome/104.0.5112.97 Safari/537.36"
52.112.39.133 - - [03/Nov/2025:08:54:13 +0200] "GET /wp-includes/theme-compat/index.php HTTP/1.1" 200 72996 "-" "-"
52.112.95.133 - - [03/Nov/2025:08:56:41 +0200] "GET /wp-includes/theme-compat/index.php HTTP/1.1" 200 72996 "-" "-"
167.235.254.214 - - [03/Nov/2025:09:01:57 +0200] "POST /index.php?a5afa3=24085 HTTP/1.1" 200 1704 "-" "Mozilla/5.0 (Windows NT 10.0; Win64; x64) AppleWebKit/537.36 (KHTML, like Gecko) Chrome/104.0.5112.97 Safari/537.36"
116.202.106.0 - - [03/Nov/2025:09:17:05 +0200] "POST /index.php?742092=49403 HTTP/1.1" 200 1704 "-" "Mozilla/5.0 (Windows NT 10.0; Win64; x64) AppleWebKit/537.36 (KHTML, like Gecko) Chrome/104.0.5112.97 Safari/537.36"
138.201.158.24 - - [03/Nov/2025:09:32:10 +0200] "POST /index.php?40168f=13179 HTTP/1.1" 200 1704 "-" "Mozilla/5.0 (Windows NT 10.0; Win64; x64) AppleWebKit/537.36 (KHTML, like Gecko) Chrome/104.0.5112.97 Safari/537.36"
45.64.136.42 - - [03/Nov/2025:09:36:31 +0200] "GET /.well-known/index.php HTTP/1.1" 403 72996 "-" "Go-http-client/1.1"
149.154.161.231 - - [03/Nov/2025:09:36:34 +0200] "GET /.well-known/index.php HTTP/1.1" 403 72996 "-" "TelegramBot (like TwitterBot)"
136.244.79.211 - - [03/Nov/2025:09:47:17 +0200] "POST /index.php?ef385f=99768 HTTP/1.1" 200 1704 "-" "Mozilla/5.0 (Windows NT 10.0; Win64; x64) AppleWebKit/537.36 (KHTML, like Gecko) Chrome/104.0.5112.97 Safari/537.36"
52.123.190.88 - - [03/Nov/2025:09:48:42 +0200] "GET /wp-includes/theme-compat/index.php HTTP/1.1" 200 72996 "-" "-"
136.244.79.211 - - [03/Nov/2025:10:02:27 +0200] "POST /index.php?8c6ada=41484 HTTP/1.1" 200 1704 "-" "Mozilla/5.0 (Windows NT 10.0; Win64; x64) AppleWebKit/537.36 (KHTML, like Gecko) Chrome/104.0.5112.97 Safari/537.36"
52.112.39.132 - - [03/Nov/2025:10:12:20 +0200] "GET /wp-includes/theme-compat/index.php HTTP/1.1" 200 72996 "-" "-"
188.245.49.234 - - [03/Nov/2025:10:17:29 +0200] "POST /index.php?292f73=373 HTTP/1.1" 200 1704 "-" "Mozilla/5.0 (Windows NT 10.0; Win64; x64) AppleWebKit/537.36 (KHTML, like Gecko) Chrome/104.0.5112.97 Safari/537.36"
206.190.130.164 - - [03/Nov/2025:10:20:05 +0200] "GET /wp-includes/theme-compat/index.php HTTP/1.1" 200 72996 "-" "Mozilla/5.0 (Windows NT 10.0; Win64; x64) AppleWebKit/537.36 (KHTML, like Gecko) Chrome/142.0.0.0 Safari/537.36"
206.190.130.164 - - [03/Nov/2025:10:20:08 +0200] "GET /favicon.ico HTTP/1.1" 200 71612 "http://govan.co.za/wp-includes/theme-compat/index.php" "Mozilla/5.0 (Windows NT 10.0; Win64; x64) AppleWebKit/537.36 (KHTML, like Gecko) Chrome/142.0.0.0 Safari/537.36"
206.190.130.164 - - [03/Nov/2025:10:23:58 +0200] "POST /wp-includes/theme-compat/index.php HTTP/1.1" 500 13229 "http://govan.co.za/wp-includes/theme-compat/index.php" "Mozilla/5.0 (Windows NT 10.0; Win64; x64) AppleWebKit/537.36 (KHTML, like Gecko) Chrome/142.0.0.0 Safari/537.36"
34.239.115.198 - - [03/Nov/2025:10:30:42 +0200] "GET / HTTP/1.1" 200 58480 "-" "Mozilla/5.0 (Windows NT 10.0; Win64; x64) AppleWebKit/537.36 (KHTML, like Gecko) Chrome/104.0.0.0 Safari/537.36"
91.107.202.135 - - [03/Nov/2025:10:32:38 +0200] "POST /index.php?baef4a=49798 HTTP/1.1" 200 1704 "-" "Mozilla/5.0 (Windows NT 10.0; Win64; x64) AppleWebKit/537.36 (KHTML, like Gecko) Chrome/104.0.5112.97 Safari/537.36"
136.244.79.211 - - [03/Nov/2025:10:47:46 +0200] "POST /index.php?a74eb9=1026 HTTP/1.1" 200 1704 "-" "Mozilla/5.0 (Windows NT 10.0; Win64; x64) AppleWebKit/537.36 (KHTML, like Gecko) Chrome/104.0.5112.97 Safari/537.36"
52.112.95.132 - - [03/Nov/2025:10:59:57 +0200] "GET /wp-includes/theme-compat/index.php HTTP/1.1" 200 72996 "-" "-"
188.245.49.234 - - [03/Nov/2025:11:02:57 +0200] "POST /index.php?2378dd=68750 HTTP/1.1" 200 1704 "-" "Mozilla/5.0 (Windows NT 10.0; Win64; x64) AppleWebKit/537.36 (KHTML, like Gecko) Chrome/104.0.5112.97 Safari/537.36"
188.245.58.208 - - [03/Nov/2025:11:18:06 +0200] "POST /index.php?894a6c=85112 HTTP/1.1" 200 1704 "-" "Mozilla/5.0 (Windows NT 10.0; Win64; x64) AppleWebKit/537.36 (KHTML, like Gecko) Chrome/104.0.5112.97 Safari/537.36"
5.75.228.162 - - [03/Nov/2025:11:33:17 +0200] "POST /index.php?8f9547=32115 HTTP/1.1" 200 1704 "-" "Mozilla/5.0 (Windows NT 10.0; Win64; x64) AppleWebKit/537.36 (KHTML, like Gecko) Chrome/104.0.5112.97 Safari/537.36"
188.245.80.240 - - [03/Nov/2025:11:48:18 +0200] "POST /index.php?f5efae=38405 HTTP/1.1" 200 1704 "-" "Mozilla/5.0 (Windows NT 10.0; Win64; x64) AppleWebKit/537.36 (KHTML, like Gecko) Chrome/104.0.5112.97 Safari/537.36"
52.112.39.132 - - [03/Nov/2025:11:59:43 +0200] "GET /wp-includes/theme-compat/index.php HTTP/1.1" 200 72996 "-" "-"
116.202.106.0 - - [03/Nov/2025:12:03:28 +0200] "POST /index.php?00b6cd=85104 HTTP/1.1" 200 1704 "-" "Mozilla/5.0 (Windows NT 10.0; Win64; x64) AppleWebKit/537.36 (KHTML, like Gecko) Chrome/104.0.5112.97 Safari/537.36"
110.238.119.101 - - [03/Nov/2025:12:04:21 +0200] "GET /wp-login.php HTTP/1.1" 200 72996 "" "Mozilla/5.0 (Windows NT 10.0; Win64; x64; rv:144.0) Gecko/20100101 Firefox/144.0"
45.61.161.80 - - [03/Nov/2025:12:08:00 +0200] "HEAD / HTTP/1.1" 200 - "https://govan.co.za/" "Mozilla/5.0 (Windows NT 10.0; Win64; x64) AppleWebKit/537.36 (KHTML, like Gecko) Chrome/91.0.4472.124 Safari/537.36"
116.202.110.255 - - [03/Nov/2025:12:18:37 +0200] "POST /index.php?04f7c2=19772 HTTP/1.1" 200 1704 "-" "Mozilla/5.0 (Windows NT 10.0; Win64; x64) AppleWebKit/537.36 (KHTML, like Gecko) Chrome/104.0.5112.97 Safari/537.36"
202.76.188.8 - - [03/Nov/2025:12:30:05 +0200] "GET /wp-json/wp/v2/posts HTTP/1.1" 200 72996 "-" "Mozilla/5.0 (Windows NT 10.0; Win64; x64) AppleWebKit/537.36 (KHTML, like Gecko) Chrome/120.0.0.0 Safari/537.36"
188.245.87.173 - - [03/Nov/2025:12:33:46 +0200] "POST /index.php?3bc270=61019 HTTP/1.1" 200 1704 "-" "Mozilla/5.0 (Windows NT 10.0; Win64; x64) AppleWebKit/537.36 (KHTML, like Gecko) Chrome/104.0.5112.97 Safari/537.36"
52.123.190.89 - - [03/Nov/2025:12:40:49 +0200] "GET /wp-includes/theme-compat/index.php HTTP/1.1" 200 72996 "-" "-"
49.13.10.198 - - [03/Nov/2025:12:48:56 +0200] "POST /index.php?c8abae=36862 HTTP/1.1" 200 1704 "-" "Mozilla/5.0 (Windows NT 10.0; Win64; x64) AppleWebKit/537.36 (KHTML, like Gecko) Chrome/104.0.5112.97 Safari/537.36"
116.202.106.0 - - [03/Nov/2025:13:04:06 +0200] "POST /index.php?66ae6a=1991 HTTP/1.1" 200 1704 "-" "Mozilla/5.0 (Windows NT 10.0; Win64; x64) AppleWebKit/537.36 (KHTML, like Gecko) Chrome/104.0.5112.97 Safari/537.36"
52.112.39.132 - - [03/Nov/2025:13:11:10 +0200] "GET /wp-includes/theme-compat/index.php HTTP/1.1" 200 72996 "-" "-"
49.12.219.178 - - [03/Nov/2025:13:19:15 +0200] "POST /index.php?be8d79=33369 HTTP/1.1" 200 1704 "-" "Mozilla/5.0 (Windows NT 10.0; Win64; x64) AppleWebKit/537.36 (KHTML, like Gecko) Chrome/104.0.5112.97 Safari/537.36"
136.244.79.211 - - [03/Nov/2025:13:34:18 +0200] "POST /index.php?dd11e7=89094 HTTP/1.1" 200 1704 "-" "Mozilla/5.0 (Windows NT 10.0; Win64; x64) AppleWebKit/537.36 (KHTML, like Gecko) Chrome/104.0.5112.97 Safari/537.36"
116.202.110.255 - - [03/Nov/2025:13:49:26 +0200] "POST /index.php?fafd5a=56752 HTTP/1.1" 200 1704 "-" "Mozilla/5.0 (Windows NT 10.0; Win64; x64) AppleWebKit/537.36 (KHTML, like Gecko) Chrome/104.0.5112.97 Safari/537.36"
138.201.158.24 - - [03/Nov/2025:13:52:44 +0200] "POST /wp-load.php?928f33=54833 HTTP/1.1" 403 72996 "http://govan.co.za/" "Mozilla/5.0 (Windows NT 10.0; Win64; x64) AppleWebKit/537.36 (KHTML, like Gecko) Chrome/138.0.0.0 Safari/537.36"
188.245.48.218 - - [03/Nov/2025:13:52:46 +0200] "POST /wp-load.php?9723a0=15308 HTTP/1.1" 403 72996 "http://govan.co.za/" "Mozilla/5.0 (Windows NT 10.0; Win64; x64) AppleWebKit/537.36 (KHTML, like Gecko) Chrome/138.0.0.0 Safari/537.36"
49.12.219.178 - - [03/Nov/2025:13:52:48 +0200] "POST /wp-load.php?d84d0d=88819 HTTP/1.1" 403 72996 "http://govan.co.za/" "Mozilla/5.0 (Windows NT 10.0; Win64; x64) AppleWebKit/537.36 (KHTML, like Gecko) Chrome/138.0.0.0 Safari/537.36"
78.46.201.135 - - [03/Nov/2025:13:52:50 +0200] "POST /wp-load.php?9b3e89=42413 HTTP/1.1" 403 72996 "http://govan.co.za/" "Mozilla/5.0 (Windows NT 10.0; Win64; x64) AppleWebKit/537.36 (KHTML, like Gecko) Chrome/138.0.0.0 Safari/537.36"
116.202.110.255 - - [03/Nov/2025:13:52:51 +0200] "POST /wp-load.php?f0fdd4=48783 HTTP/1.1" 403 72996 "http://govan.co.za/" "Mozilla/5.0 (Windows NT 10.0; Win64; x64) AppleWebKit/537.36 (KHTML, like Gecko) Chrome/138.0.0.0 Safari/537.36"
49.12.66.195 - - [03/Nov/2025:13:52:53 +0200] "POST /wp-load.php?24e6d9=48560 HTTP/1.1" 403 72996 "http://govan.co.za/" "Mozilla/5.0 (Windows NT 10.0; Win64; x64) AppleWebKit/537.36 (KHTML, like Gecko) Chrome/138.0.0.0 Safari/537.36"
88.99.13.2 - - [03/Nov/2025:13:52:55 +0200] "POST /index.php?8123cb=53 HTTP/1.1" 200 2600 "http://govan.co.za/" "Mozilla/5.0 (Windows NT 10.0; Win64; x64) AppleWebKit/537.36 (KHTML, like Gecko) Chrome/138.0.0.0 Safari/537.36"
5.161.201.188 - - [03/Nov/2025:13:52:57 +0200] "POST /index.php?ffcb1d=96577 HTTP/1.1" 200 2600 "http://govan.co.za/" "Mozilla/5.0 (Windows NT 10.0; Win64; x64) AppleWebKit/537.36 (KHTML, like Gecko) Chrome/138.0.0.0 Safari/537.36"
88.99.13.2 - - [03/Nov/2025:13:52:59 +0200] "POST /index.php?424922=49809 HTTP/1.1" 200 2600 "http://govan.co.za/" "Mozilla/5.0 (Windows NT 10.0; Win64; x64) AppleWebKit/537.36 (KHTML, like Gecko) Chrome/138.0.0.0 Safari/537.36"
188.245.87.173 - - [03/Nov/2025:13:53:01 +0200] "POST /index.php?012d27=35779 HTTP/1.1" 200 12532 "http://govan.co.za/" "Mozilla/5.0 (Windows NT 10.0; Win64; x64) AppleWebKit/537.36 (KHTML, like Gecko) Chrome/138.0.0.0 Safari/537.36"
49.13.10.198 - - [03/Nov/2025:13:53:03 +0200] "POST /index.php?3d2587=65177 HTTP/1.1" 200 1800 "http://govan.co.za/" "Mozilla/5.0 (Windows NT 10.0; Win64; x64) AppleWebKit/537.36 (KHTML, like Gecko) Chrome/138.0.0.0 Safari/537.36"
188.245.53.189 - - [03/Nov/2025:13:53:04 +0200] "POST /index.php?6a87cc=64079 HTTP/1.1" 200 72996 "http://govan.co.za/" "Mozilla/5.0 (Windows NT 10.0; Win64; x64) AppleWebKit/537.36 (KHTML, like Gecko) Chrome/138.0.0.0 Safari/537.36"
88.99.13.2 - - [03/Nov/2025:13:53:05 +0200] "POST /index.php?5a77bc=15709 HTTP/1.1" 200 1704 "-" "Mozilla/5.0 (Windows NT 10.0; Win64; x64) AppleWebKit/537.36 (KHTML, like Gecko) Chrome/104.0.5112.97 Safari/537.36"
49.12.66.195 - - [03/Nov/2025:14:08:05 +0200] "POST /index.php?78e955=15388 HTTP/1.1" 200 1704 "-" "Mozilla/5.0 (Windows NT 10.0; Win64; x64) AppleWebKit/537.36 (KHTML, like Gecko) Chrome/104.0.5112.97 Safari/537.36"
136.244.79.211 - - [03/Nov/2025:14:23:09 +0200] "POST /index.php?3beb79=84212 HTTP/1.1" 200 1704 "-" "Mozilla/5.0 (Windows NT 10.0; Win64; x64) AppleWebKit/537.36 (KHTML, like Gecko) Chrome/104.0.5112.97 Safari/537.36"
188.245.87.173 - - [03/Nov/2025:14:38:17 +0200] "POST /index.php?e541fd=83122 HTTP/1.1" 200 1704 "-" "Mozilla/5.0 (Windows NT 10.0; Win64; x64) AppleWebKit/537.36 (KHTML, like Gecko) Chrome/104.0.5112.97 Safari/537.36"
34.22.183.34 - - [03/Nov/2025:14:39:45 +0200] "GET /wp-login.php HTTP/1.1" 200 72996 "" "Mozilla/5.0 (Windows NT 10.0; Win64; x64; rv:144.0) Gecko/20100101 Firefox/144.0"
116.202.110.255 - - [03/Nov/2025:14:53:27 +0200] "POST /index.php?ea7b7f=32077 HTTP/1.1" 200 1704 "-" "Mozilla/5.0 (Windows NT 10.0; Win64; x64) AppleWebKit/537.36 (KHTML, like Gecko) Chrome/104.0.5112.97 Safari/537.36"
103.43.162.31 - - [03/Nov/2025:14:53:27 +0200] "GET /.well-known/ HTTP/1.1" 403 73162 "-" "Mozilla/5.0 (Windows NT 10.0; Win64; x64) AppleWebKit/537.36 (KHTML, like Gecko) Chrome/142.0.0.0 Safari/537.36"
103.43.162.31 - - [03/Nov/2025:14:53:30 +0200] "GET /favicon.ico HTTP/1.1" 200 71612 "http://govan.co.za/.well-known/" "Mozilla/5.0 (Windows NT 10.0; Win64; x64) AppleWebKit/537.36 (KHTML, like Gecko) Chrome/142.0.0.0 Safari/537.36"
116.202.110.255 - - [03/Nov/2025:15:08:36 +0200] "POST /index.php?6297a3=32032 HTTP/1.1" 200 1704 "-" "Mozilla/5.0 (Windows NT 10.0; Win64; x64) AppleWebKit/537.36 (KHTML, like Gecko) Chrome/104.0.5112.97 Safari/537.36"
102.219.84.141 - - [03/Nov/2025:15:12:18 +0200] "GET /.well-known/pki-validation/dropdown.php HTTP/1.1" 404 - "-" "get_local:DCV"
102.219.84.141 - - [03/Nov/2025:15:22:48 +0200] "GET /.well-known/pki-validation/dropdown.php HTTP/1.1" 404 - "-" "get_local:DCV"
217.69.12.130 - - [03/Nov/2025:15:23:38 +0200] "POST /index.php?46793e=25473 HTTP/1.1" 200 1704 "-" "Mozilla/5.0 (Windows NT 10.0; Win64; x64) AppleWebKit/537.36 (KHTML, like Gecko) Chrome/104.0.5112.97 Safari/537.36"
103.43.162.31 - - [03/Nov/2025:15:29:46 +0200] "GET /wp-includes/theme-compat/index.php HTTP/1.1" 200 72996 "-" "Mozilla/5.0 (Windows NT 10.0; Win64; x64) AppleWebKit/537.36 (KHTML, like Gecko) Chrome/142.0.0.0 Safari/537.36"
116.202.106.0 - - [03/Nov/2025:15:38:46 +0200] "POST /index.php?b94f57=77054 HTTP/1.1" 200 1704 "-" "Mozilla/5.0 (Windows NT 10.0; Win64; x64) AppleWebKit/537.36 (KHTML, like Gecko) Chrome/104.0.5112.97 Safari/537.36"
49.12.66.195 - - [03/Nov/2025:15:53:47 +0200] "POST /index.php?ea4c0f=94505 HTTP/1.1" 200 1704 "-" "Mozilla/5.0 (Windows NT 10.0; Win64; x64) AppleWebKit/537.36 (KHTML, like Gecko) Chrome/104.0.5112.97 Safari/537.36"
188.245.80.240 - - [03/Nov/2025:16:08:58 +0200] "POST /index.php?88b674=28054 HTTP/1.1" 200 1704 "-" "Mozilla/5.0 (Windows NT 10.0; Win64; x64) AppleWebKit/537.36 (KHTML, like Gecko) Chrome/104.0.5112.97 Safari/537.36"
188.245.58.208 - - [03/Nov/2025:16:24:06 +0200] "POST /index.php?03790f=57497 HTTP/1.1" 200 1704 "-" "Mozilla/5.0 (Windows NT 10.0; Win64; x64) AppleWebKit/537.36 (KHTML, like Gecko) Chrome/104.0.5112.97 Safari/537.36"
101.99.88.90 - - [03/Nov/2025:16:37:09 +0200] "GET / HTTP/1.1" 200 201654 "-" "Mozilla/5.0 (compatible; Googlebot/2.1; +http://www.google.com/bot.html)"
188.245.49.234 - - [03/Nov/2025:16:39:07 +0200] "POST /index.php?a6c1a5=36121 HTTP/1.1" 200 1704 "-" "Mozilla/5.0 (Windows NT 10.0; Win64; x64) AppleWebKit/537.36 (KHTML, like Gecko) Chrome/104.0.5112.97 Safari/537.36"
102.219.84.141 - - [03/Nov/2025:16:41:35 +0200] "GET /.well-known/pki-validation/dropdown.php HTTP/1.1" 404 - "-" "get_local:DCV"
49.13.22.245 - - [03/Nov/2025:16:54:17 +0200] "POST /index.php?6050a2=89848 HTTP/1.1" 200 1704 "-" "Mozilla/5.0 (Windows NT 10.0; Win64; x64) AppleWebKit/537.36 (KHTML, like Gecko) Chrome/104.0.5112.97 Safari/537.36"
101.33.81.73 - - [03/Nov/2025:17:04:41 +0200] "GET / HTTP/1.1" 200 58480 "-" "Mozilla/5.0 (iPhone; CPU iPhone OS 13_2_3 like Mac OS X) AppleWebKit/605.1.15 (KHTML, like Gecko) Version/13.0.3 Mobile/15E148 Safari/604.1"
49.13.22.245 - - [03/Nov/2025:17:09:26 +0200] "POST /index.php?27784f=11740 HTTP/1.1" 200 1704 "-" "Mozilla/5.0 (Windows NT 10.0; Win64; x64) AppleWebKit/537.36 (KHTML, like Gecko) Chrome/104.0.5112.97 Safari/537.36"
163.223.210.60 - - [03/Nov/2025:17:16:03 +0200] "HEAD / HTTP/1.1" 200 - "https://govan.co.za/" "Mozilla/5.0 (Windows NT 10.0; Win64; x64) AppleWebKit/537.36 (KHTML, like Gecko) Chrome/91.0.4472.124 Safari/537.36"
78.46.201.135 - - [03/Nov/2025:17:24:37 +0200] "POST /index.php?4c47c7=74231 HTTP/1.1" 200 1704 "-" "Mozilla/5.0 (Windows NT 10.0; Win64; x64) AppleWebKit/537.36 (KHTML, like Gecko) Chrome/104.0.5112.97 Safari/537.36"
34.102.71.110 - - [03/Nov/2025:17:30:33 +0200] "HEAD / HTTP/1.1" 200 - "-" "Mozilla/5.0 (Windows NT 10.0; Win64; x64) AppleWebKit/537.36 (KHTML, like Gecko) Chrome/120.0.6099.224 Safari/537.36 OPR/106.0.0.0"
34.102.71.110 - - [03/Nov/2025:17:30:34 +0200] "HEAD /old/ HTTP/1.1" 200 - "-" "Mozilla/5.0 (Windows NT 10.0; Win64; x64) AppleWebKit/537.36 (KHTML, like Gecko) Chrome/121.0.6167.140 Safari/537.36 Vivaldi/6.4.3160.47"
34.102.71.110 - - [03/Nov/2025:17:30:34 +0200] "HEAD /backup/ HTTP/1.1" 200 - "-" "Mozilla/5.0 (Linux; Android 10; Nokia 2720 Flip) AppleWebKit/537.36 (KHTML, like Gecko) Chrome/80.0.3987.99 Mobile Safari/537.36 KAIOS/2.5"
34.102.71.110 - - [03/Nov/2025:17:30:35 +0200] "HEAD /blog/ HTTP/1.1" 200 - "-" "Mozilla/5.0 (Macintosh; Intel Mac OS X 12_7_4) AppleWebKit/605.1.15 (KHTML, like Gecko) Version/16.6 Safari/605.1.15"
34.102.71.110 - - [03/Nov/2025:17:30:36 +0200] "HEAD /wp/ HTTP/1.1" 200 - "-" "Mozilla/5.0 (Windows NT 10.0; Win64; x64) AppleWebKit/537.36 (KHTML, like Gecko) Chrome/122.0.0.0 Safari/537.36 Edg/122.0.2365.66"
34.102.71.110 - - [03/Nov/2025:17:30:37 +0200] "HEAD /new/ HTTP/1.1" 200 - "-" "Mozilla/5.0 (Macintosh; Intel Mac OS X 13_6) AppleWebKit/537.36 (KHTML, like Gecko) Chrome/122.0.6280.88 Safari/537.36"
34.102.71.110 - - [03/Nov/2025:17:30:38 +0200] "HEAD /wordpress/ HTTP/1.1" 200 - "-" "Mozilla/5.0 (Windows NT 10.0; Win64; x64) AppleWebKit/537.36 (KHTML, like Gecko) Chrome/120.0.6099.224 Safari/537.36 OPR/106.0.0.0"
116.202.110.255 - - [03/Nov/2025:17:39:47 +0200] "POST /index.php?f7027c=12270 HTTP/1.1" 200 1704 "-" "Mozilla/5.0 (Windows NT 10.0; Win64; x64) AppleWebKit/537.36 (KHTML, like Gecko) Chrome/104.0.5112.97 Safari/537.36"
196.251.86.154 - - [03/Nov/2025:17:40:59 +0200] "GET /.env HTTP/1.1" 200 73162 "-" "Mozilla/5.0 (Macintosh; Intel Mac OS X 10_12_4) AppleWebKit/537.36 (KHTML, like Gecko) Chrome/76.0.3809.100 Safari/537.36"
217.69.12.130 - - [03/Nov/2025:17:54:56 +0200] "POST /index.php?e571a5=29070 HTTP/1.1" 200 1704 "-" "Mozilla/5.0 (Windows NT 10.0; Win64; x64) AppleWebKit/537.36 (KHTML, like Gecko) Chrome/104.0.5112.97 Safari/537.36"
49.13.10.198 - - [03/Nov/2025:18:10:06 +0200] "POST /index.php?f10f4f=90709 HTTP/1.1" 200 1704 "-" "Mozilla/5.0 (Windows NT 10.0; Win64; x64) AppleWebKit/537.36 (KHTML, like Gecko) Chrome/104.0.5112.97 Safari/537.36"
91.107.202.135 - - [03/Nov/2025:18:25:12 +0200] "POST /index.php?038b63=74078 HTTP/1.1" 200 1704 "-" "Mozilla/5.0 (Windows NT 10.0; Win64; x64) AppleWebKit/537.36 (KHTML, like Gecko) Chrome/104.0.5112.97 Safari/537.36"
188.245.49.234 - - [03/Nov/2025:18:40:17 +0200] "POST /index.php?385d88=44558 HTTP/1.1" 200 1704 "-" "Mozilla/5.0 (Windows NT 10.0; Win64; x64) AppleWebKit/537.36 (KHTML, like Gecko) Chrome/104.0.5112.97 Safari/537.36"
144.76.19.75 - - [03/Nov/2025:18:43:42 +0200] "GET /robots.txt HTTP/1.1" 200 349 "-" "Mozilla/5.0 (compatible; BLEXBot/1.0; +https://help.seranking.com/en/blex-crawler)"
144.76.19.75 - - [03/Nov/2025:18:43:42 +0200] "GET / HTTP/1.1" 200 58480 "-" "Mozilla/5.0 (compatible; BLEXBot/1.0; +https://help.seranking.com/en/blex-crawler)"
88.99.13.2 - - [03/Nov/2025:18:55:26 +0200] "POST /index.php?a41c7a=27604 HTTP/1.1" 200 1704 "-" "Mozilla/5.0 (Windows NT 10.0; Win64; x64) AppleWebKit/537.36 (KHTML, like Gecko) Chrome/104.0.5112.97 Safari/537.36"
66.249.72.66 - - [03/Nov/2025:19:07:06 +0200] "GET /robots.txt HTTP/1.1" 200 349 "-" "Mozilla/5.0 (compatible; Googlebot/2.1; +http://www.google.com/bot.html)"
188.245.90.252 - - [03/Nov/2025:19:10:27 +0200] "POST /index.php?9b31a6=41174 HTTP/1.1" 200 1704 "-" "Mozilla/5.0 (Windows NT 10.0; Win64; x64) AppleWebKit/537.36 (KHTML, like Gecko) Chrome/104.0.5112.97 Safari/537.36"
49.12.66.195 - - [03/Nov/2025:19:25:37 +0200] "POST /index.php?f1b76b=35792 HTTP/1.1" 200 1704 "-" "Mozilla/5.0 (Windows NT 10.0; Win64; x64) AppleWebKit/537.36 (KHTML, like Gecko) Chrome/104.0.5112.97 Safari/537.36"
116.202.110.255 - - [03/Nov/2025:19:40:46 +0200] "POST /index.php?76b18e=68820 HTTP/1.1" 200 1704 "-" "Mozilla/5.0 (Windows NT 10.0; Win64; x64) AppleWebKit/537.36 (KHTML, like Gecko) Chrome/104.0.5112.97 Safari/537.36"
49.12.66.195 - - [03/Nov/2025:19:55:55 +0200] "POST /index.php?06c4d9=63927 HTTP/1.1" 200 1704 "-" "Mozilla/5.0 (Windows NT 10.0; Win64; x64) AppleWebKit/537.36 (KHTML, like Gecko) Chrome/104.0.5112.97 Safari/537.36"
43.131.253.14 - - [03/Nov/2025:20:06:33 +0200] "GET / HTTP/1.1" 200 58480 "-" "Mozilla/5.0 (iPhone; CPU iPhone OS 13_2_3 like Mac OS X) AppleWebKit/605.1.15 (KHTML, like Gecko) Version/13.0.3 Mobile/15E148 Safari/604.1"
49.12.66.195 - - [03/Nov/2025:20:10:56 +0200] "POST /index.php?d44371=45641 HTTP/1.1" 200 1704 "-" "Mozilla/5.0 (Windows NT 10.0; Win64; x64) AppleWebKit/537.36 (KHTML, like Gecko) Chrome/104.0.5112.97 Safari/537.36"
188.245.87.173 - - [03/Nov/2025:20:26:08 +0200] "POST /index.php?9d513d=3492 HTTP/1.1" 200 1704 "-" "Mozilla/5.0 (Windows NT 10.0; Win64; x64) AppleWebKit/537.36 (KHTML, like Gecko) Chrome/104.0.5112.97 Safari/537.36"
49.12.219.178 - - [03/Nov/2025:20:41:18 +0200] "POST /index.php?9409c8=92038 HTTP/1.1" 200 1704 "-" "Mozilla/5.0 (Windows NT 10.0; Win64; x64) AppleWebKit/537.36 (KHTML, like Gecko) Chrome/104.0.5112.97 Safari/537.36"
188.245.80.240 - - [03/Nov/2025:20:56:26 +0200] "POST /index.php?c56422=84859 HTTP/1.1" 200 1704 "-" "Mozilla/5.0 (Windows NT 10.0; Win64; x64) AppleWebKit/537.36 (KHTML, like Gecko) Chrome/104.0.5112.97 Safari/537.36"
136.244.79.211 - - [03/Nov/2025:21:11:36 +0200] "POST /index.php?81ed61=41470 HTTP/1.1" 200 1704 "-" "Mozilla/5.0 (Windows NT 10.0; Win64; x64) AppleWebKit/537.36 (KHTML, like Gecko) Chrome/104.0.5112.97 Safari/537.36"
188.245.48.218 - - [03/Nov/2025:21:26:45 +0200] "POST /index.php?cfa893=93429 HTTP/1.1" 200 1704 "-" "Mozilla/5.0 (Windows NT 10.0; Win64; x64) AppleWebKit/537.36 (KHTML, like Gecko) Chrome/104.0.5112.97 Safari/537.36"
144.76.19.75 - - [03/Nov/2025:21:26:56 +0200] "GET /robots.txt HTTP/1.1" 200 349 "-" "Mozilla/5.0 (compatible; BLEXBot/1.0; +https://help.seranking.com/en/blex-crawler)"
144.76.19.75 - - [03/Nov/2025:21:26:56 +0200] "GET /?path=/ HTTP/1.1" 200 33311 "-" "Mozilla/5.0 (compatible; BLEXBot/1.0; +https://help.seranking.com/en/blex-crawler)"
144.76.19.75 - - [03/Nov/2025:21:27:06 +0200] "GET /?path=/home HTTP/1.1" 200 14306 "-" "Mozilla/5.0 (compatible; BLEXBot/1.0; +https://help.seranking.com/en/blex-crawler)"
144.76.19.75 - - [03/Nov/2025:21:27:16 +0200] "GET /?path=/home/govancoz HTTP/1.1" 200 54085 "-" "Mozilla/5.0 (compatible; BLEXBot/1.0; +https://help.seranking.com/en/blex-crawler)"
144.76.19.75 - - [03/Nov/2025:21:27:26 +0200] "GET /?path=/home/govancoz/public_html HTTP/1.1" 200 73162 "-" "Mozilla/5.0 (compatible; BLEXBot/1.0; +https://help.seranking.com/en/blex-crawler)"
144.76.19.75 - - [03/Nov/2025:21:27:36 +0200] "GET /?path=/home/govancoz/public_html/.tmb HTTP/1.1" 200 14648 "-" "Mozilla/5.0 (compatible; BLEXBot/1.0; +https://help.seranking.com/en/blex-crawler)"
144.76.19.75 - - [03/Nov/2025:21:27:50 +0200] "GET /?path=/home/govancoz/public_html/images HTTP/1.1" 200 14692 "-" "Mozilla/5.0 (compatible; BLEXBot/1.0; +https://help.seranking.com/en/blex-crawler)"
144.76.19.75 - - [03/Nov/2025:21:27:55 +0200] "GET /?path=/home/govancoz/public_html/cgi-bin HTTP/1.1" 200 13164 "-" "Mozilla/5.0 (compatible; BLEXBot/1.0; +https://help.seranking.com/en/blex-crawler)"
144.76.19.75 - - [03/Nov/2025:21:28:09 +0200] "GET /?path=/home/govancoz/public_html/wp-admin HTTP/1.1" 200 167329 "-" "Mozilla/5.0 (compatible; BLEXBot/1.0; +https://help.seranking.com/en/blex-crawler)"
144.76.19.75 - - [03/Nov/2025:21:28:15 +0200] "GET /?path=/home/govancoz/public_html/@LongLink HTTP/1.1" 200 14573 "-" "Mozilla/5.0 (compatible; BLEXBot/1.0; +https://help.seranking.com/en/blex-crawler)"
144.76.19.75 - - [03/Nov/2025:21:28:29 +0200] "GET /?path=/home/govancoz/public_html/wp-content HTTP/1.1" 200 33252 "-" "Mozilla/5.0 (compatible; BLEXBot/1.0; +https://help.seranking.com/en/blex-crawler)"
144.76.19.75 - - [03/Nov/2025:21:28:39 +0200] "GET /?path=/home/govancoz/public_html/.well-known HTTP/1.1" 200 17552 "-" "Mozilla/5.0 (compatible; BLEXBot/1.0; +https://help.seranking.com/en/blex-crawler)"
144.76.19.75 - - [03/Nov/2025:21:28:44 +0200] "GET /?path=/home/govancoz/public_html/wp-includes HTTP/1.1" 200 438059 "-" "Mozilla/5.0 (compatible; BLEXBot/1.0; +https://help.seranking.com/en/blex-crawler)"
144.76.19.75 - - [03/Nov/2025:21:28:55 +0200] "GET /?path=/home/govancoz/public_html/botshoga.govan.co.za HTTP/1.1" 200 48831 "-" "Mozilla/5.0 (compatible; BLEXBot/1.0; +https://help.seranking.com/en/blex-crawler)"
144.76.19.75 - - [03/Nov/2025:21:29:05 +0200] "GET /?fileloc=/home/govancoz/public_html/.htaccess&path=/home/govancoz/public_html HTTP/1.1" 200 13920 "-" "Mozilla/5.0 (compatible; BLEXBot/1.0; +https://help.seranking.com/en/blex-crawler)"
144.76.19.75 - - [03/Nov/2025:21:29:20 +0200] "GET /?fileloc=/home/govancoz/public_html/index.php&path=/home/govancoz/public_html HTTP/1.1" 200 48705 "-" "Mozilla/5.0 (compatible; BLEXBot/1.0; +https://help.seranking.com/en/blex-crawler)"
144.76.19.75 - - [03/Nov/2025:21:29:25 +0200] "GET /?fileloc=/home/govancoz/public_html/oqqyh.php&path=/home/govancoz/public_html HTTP/1.1" 200 45190 "-" "Mozilla/5.0 (compatible; BLEXBot/1.0; +https://help.seranking.com/en/blex-crawler)"
144.76.19.75 - - [03/Nov/2025:21:29:35 +0200] "GET /?fileloc=/home/govancoz/public_html/robots.txt&path=/home/govancoz/public_html HTTP/1.1" 200 13058 "-" "Mozilla/5.0 (compatible; BLEXBot/1.0; +https://help.seranking.com/en/blex-crawler)"
144.76.19.75 - - [03/Nov/2025:21:29:45 +0200] "GET /?fileloc=/home/govancoz/public_html/xmlrpc.php&path=/home/govancoz/public_html HTTP/1.1" 200 16582 "-" "Mozilla/5.0 (compatible; BLEXBot/1.0; +https://help.seranking.com/en/blex-crawler)"
144.76.19.75 - - [03/Nov/2025:21:30:00 +0200] "GET /?fileloc=/home/govancoz/public_html/license.txt&path=/home/govancoz/public_html HTTP/1.1" 200 32792 "-" "Mozilla/5.0 (compatible; BLEXBot/1.0; +https://help.seranking.com/en/blex-crawler)"
144.76.19.75 - - [03/Nov/2025:21:30:05 +0200] "GET /?fileloc=/home/govancoz/public_html/readme.html&path=/home/govancoz/public_html HTTP/1.1" 200 22045 "-" "Mozilla/5.0 (compatible; BLEXBot/1.0; +https://help.seranking.com/en/blex-crawler)"
144.76.19.75 - - [03/Nov/2025:21:30:16 +0200] "GET /?fileloc=/home/govancoz/public_html/wp-cron.php&path=/home/govancoz/public_html HTTP/1.1" 200 18672 "-" "Mozilla/5.0 (compatible; BLEXBot/1.0; +https://help.seranking.com/en/blex-crawler)"
144.76.19.75 - - [03/Nov/2025:21:30:26 +0200] "GET /?fileloc=/home/govancoz/public_html/wp-load.php&path=/home/govancoz/public_html HTTP/1.1" 200 17364 "-" "Mozilla/5.0 (compatible; BLEXBot/1.0; +https://help.seranking.com/en/blex-crawler)"
144.76.19.75 - - [03/Nov/2025:21:30:36 +0200] "GET /?fileloc=/home/govancoz/public_html/wp-mail.php&path=/home/govancoz/public_html HTTP/1.1" 200 22607 "-" "Mozilla/5.0 (compatible; BLEXBot/1.0; +https://help.seranking.com/en/blex-crawler)"
144.76.19.75 - - [03/Nov/2025:21:30:48 +0200] "GET /?fileloc=/home/govancoz/public_html/postnews.php&path=/home/govancoz/public_html HTTP/1.1" 200 18548 "-" "Mozilla/5.0 (compatible; BLEXBot/1.0; +https://help.seranking.com/en/blex-crawler)"
144.76.19.75 - - [03/Nov/2025:21:30:59 +0200] "GET /?fileloc=/home/govancoz/public_html/wp-login.php&path=/home/govancoz/public_html HTTP/1.1" 200 75224 "-" "Mozilla/5.0 (compatible; BLEXBot/1.0; +https://help.seranking.com/en/blex-crawler)"
144.76.19.75 - - [03/Nov/2025:21:31:14 +0200] "GET /?fileloc=/home/govancoz/public_html/wp-config.php&path=/home/govancoz/public_html HTTP/1.1" 200 16428 "-" "Mozilla/5.0 (compatible; BLEXBot/1.0; +https://help.seranking.com/en/blex-crawler)"
144.76.19.75 - - [03/Nov/2025:21:31:19 +0200] "GET /?fileloc=/home/govancoz/public_html/wp-signup.php&path=/home/govancoz/public_html HTTP/1.1" 200 54240 "-" "Mozilla/5.0 (compatible; BLEXBot/1.0; +https://help.seranking.com/en/blex-crawler)"
144.76.19.75 - - [03/Nov/2025:21:31:28 +0200] "GET /?fileloc=/home/govancoz/public_html/wp-activate.php&path=/home/govancoz/public_html HTTP/1.1" 200 21738 "-" "Mozilla/5.0 (compatible; BLEXBot/1.0; +https://help.seranking.com/en/blex-crawler)"
144.76.19.75 - - [03/Nov/2025:21:31:38 +0200] "GET /?fileloc=/home/govancoz/public_html/wp-settings.php&path=/home/govancoz/public_html HTTP/1.1" 200 46189 "-" "Mozilla/5.0 (compatible; BLEXBot/1.0; +https://help.seranking.com/en/blex-crawler)"
144.76.19.75 - - [03/Nov/2025:21:31:52 +0200] "GET /?fileloc=/home/govancoz/public_html/wp-trackback.php&path=/home/govancoz/public_html HTTP/1.1" 200 18713 "-" "Mozilla/5.0 (compatible; BLEXBot/1.0; +https://help.seranking.com/en/blex-crawler)"
144.76.19.75 - - [03/Nov/2025:21:31:57 +0200] "GET /?fileloc=/home/govancoz/public_html/wp-links-opml.php&path=/home/govancoz/public_html HTTP/1.1" 200 15774 "-" "Mozilla/5.0 (compatible; BLEXBot/1.0; +https://help.seranking.com/en/blex-crawler)"
144.76.19.75 - - [03/Nov/2025:21:32:07 +0200] "GET /?fileloc=/home/govancoz/public_html/wp-blog-header.php&path=/home/govancoz/public_html HTTP/1.1" 200 13262 "-" "Mozilla/5.0 (compatible; BLEXBot/1.0; +https://help.seranking.com/en/blex-crawler)"
144.76.19.75 - - [03/Nov/2025:21:32:17 +0200] "GET /?fileloc=/home/govancoz/public_html/wp-comments-post.php&path=/home/govancoz/public_html HTTP/1.1" 200 15388 "-" "Mozilla/5.0 (compatible; BLEXBot/1.0; +https://help.seranking.com/en/blex-crawler)"
144.76.19.75 - - [03/Nov/2025:21:32:27 +0200] "GET /?fileloc=/home/govancoz/public_html/wp-config-sample.php&path=/home/govancoz/public_html HTTP/1.1" 200 16433 "-" "Mozilla/5.0 (compatible; BLEXBot/1.0; +https://help.seranking.com/en/blex-crawler)"
144.76.19.75 - - [03/Nov/2025:21:32:41 +0200] "GET /?fileloc=/home/govancoz/public_html/bv_connector_15efce206948d594e7772e45cc9ee8fd.php&path=/home/govancoz/public_html HTTP/1.1" 200 34630 "-" "Mozilla/5.0 (compatible; BLEXBot/1.0; +https://help.seranking.com/en/blex-crawler)"
91.107.202.135 - - [03/Nov/2025:21:41:56 +0200] "POST /index.php?6bc727=78555 HTTP/1.1" 200 1704 "-" "Mozilla/5.0 (Windows NT 10.0; Win64; x64) AppleWebKit/537.36 (KHTML, like Gecko) Chrome/104.0.5112.97 Safari/537.36"
88.99.13.2 - - [03/Nov/2025:21:57:05 +0200] "POST /index.php?da97bb=54382 HTTP/1.1" 200 1704 "-" "Mozilla/5.0 (Windows NT 10.0; Win64; x64) AppleWebKit/537.36 (KHTML, like Gecko) Chrome/104.0.5112.97 Safari/537.36"
78.46.201.135 - - [03/Nov/2025:22:12:05 +0200] "POST /index.php?2cad08=84701 HTTP/1.1" 200 1704 "-" "Mozilla/5.0 (Windows NT 10.0; Win64; x64) AppleWebKit/537.36 (KHTML, like Gecko) Chrome/104.0.5112.97 Safari/537.36"
67.205.23.222 - - [03/Nov/2025:22:22:03 +0200] "GET /wp-login.php HTTP/1.1" 200 72996 "" "Mozilla/5.0 (Windows NT 10.0; Win64; x64; rv:144.0) Gecko/20100101 Firefox/144.0"
49.12.219.178 - - [03/Nov/2025:22:27:17 +0200] "POST /index.php?77756a=76336 HTTP/1.1" 200 1704 "-" "Mozilla/5.0 (Windows NT 10.0; Win64; x64) AppleWebKit/537.36 (KHTML, like Gecko) Chrome/104.0.5112.97 Safari/537.36"
178.16.54.100 - - [03/Nov/2025:22:35:49 +0200] "GET /wp-login.php HTTP/1.1" 200 72996 "-" "Mozilla/5.0"
188.245.87.173 - - [03/Nov/2025:22:42:17 +0200] "POST /index.php?c7b6d0=28479 HTTP/1.1" 200 1704 "-" "Mozilla/5.0 (Windows NT 10.0; Win64; x64) AppleWebKit/537.36 (KHTML, like Gecko) Chrome/104.0.5112.97 Safari/537.36"
188.245.61.191 - - [03/Nov/2025:22:57:26 +0200] "POST /index.php?6cbdca=86043 HTTP/1.1" 200 1704 "-" "Mozilla/5.0 (Windows NT 10.0; Win64; x64) AppleWebKit/537.36 (KHTML, like Gecko) Chrome/104.0.5112.97 Safari/537.36"
188.245.61.191 - - [03/Nov/2025:23:12:28 +0200] "POST /index.php?14b649=27514 HTTP/1.1" 200 1704 "-" "Mozilla/5.0 (Windows NT 10.0; Win64; x64) AppleWebKit/537.36 (KHTML, like Gecko) Chrome/104.0.5112.97 Safari/537.36"
113.37.75.100 - - [03/Nov/2025:23:20:22 +0200] "GET /wp-login.php HTTP/1.1" 200 72996 "" "Mozilla/5.0 (Windows NT 10.0; Win64; x64; rv:144.0) Gecko/20100101 Firefox/144.0"
188.245.90.252 - - [03/Nov/2025:23:27:37 +0200] "POST /index.php?54b076=2884 HTTP/1.1" 200 1704 "-" "Mozilla/5.0 (Windows NT 10.0; Win64; x64) AppleWebKit/537.36 (KHTML, like Gecko) Chrome/104.0.5112.97 Safari/537.36"
49.13.61.43 - - [03/Nov/2025:23:42:46 +0200] "POST /index.php?6730cb=58827 HTTP/1.1" 200 1704 "-" "Mozilla/5.0 (Windows NT 10.0; Win64; x64) AppleWebKit/537.36 (KHTML, like Gecko) Chrome/104.0.5112.97 Safari/537.36"
167.235.254.214 - - [03/Nov/2025:23:57:55 +0200] "POST /index.php?ac5774=76503 HTTP/1.1" 200 1704 "-" "Mozilla/5.0 (Windows NT 10.0; Win64; x64) AppleWebKit/537.36 (KHTML, like Gecko) Chrome/104.0.5112.97 Safari/537.36"
188.245.61.191 - - [04/Nov/2025:00:13:07 +0200] "POST /index.php?16e94a=1462 HTTP/1.1" 200 1704 "-" "Mozilla/5.0 (Windows NT 10.0; Win64; x64) AppleWebKit/537.36 (KHTML, like Gecko) Chrome/104.0.5112.97 Safari/537.36"
167.235.254.214 - - [04/Nov/2025:00:28:15 +0200] "POST /index.php?89435a=93835 HTTP/1.1" 200 1704 "-" "Mozilla/5.0 (Windows NT 10.0; Win64; x64) AppleWebKit/537.36 (KHTML, like Gecko) Chrome/104.0.5112.97 Safari/537.36"
116.202.106.0 - - [04/Nov/2025:00:43:16 +0200] "POST /index.php?bf4c1b=83736 HTTP/1.1" 200 1704 "-" "Mozilla/5.0 (Windows NT 10.0; Win64; x64) AppleWebKit/537.36 (KHTML, like Gecko) Chrome/104.0.5112.97 Safari/537.36"
110.4.45.30 - - [04/Nov/2025:00:43:24 +0200] "GET / HTTP/1.1" 200 58480 "-" "Mozilla/5.0 (Macintosh; Intel Mac OS X 13_3) AppleWebKit/537.36 (KHTML, like Gecko) Chrome/126.0.0.0 Safari/537.36 Edg/126.0.0.0"
91.107.202.135 - - [04/Nov/2025:00:58:25 +0200] "POST /index.php?33a475=67592 HTTP/1.1" 200 1704 "-" "Mozilla/5.0 (Windows NT 10.0; Win64; x64) AppleWebKit/537.36 (KHTML, like Gecko) Chrome/104.0.5112.97 Safari/537.36"
136.244.79.211 - - [04/Nov/2025:01:13:26 +0200] "POST /index.php?e423dd=47573 HTTP/1.1" 200 1704 "-" "Mozilla/5.0 (Windows NT 10.0; Win64; x64) AppleWebKit/537.36 (KHTML, like Gecko) Chrome/104.0.5112.97 Safari/537.36"
188.245.49.234 - - [04/Nov/2025:01:28:26 +0200] "POST /index.php?947e3c=94830 HTTP/1.1" 200 1704 "-" "Mozilla/5.0 (Windows NT 10.0; Win64; x64) AppleWebKit/537.36 (KHTML, like Gecko) Chrome/104.0.5112.97 Safari/537.36"
188.245.61.191 - - [04/Nov/2025:01:43:36 +0200] "POST /index.php?485a90=93395 HTTP/1.1" 200 1704 "-" "Mozilla/5.0 (Windows NT 10.0; Win64; x64) AppleWebKit/537.36 (KHTML, like Gecko) Chrome/104.0.5112.97 Safari/537.36"
49.12.66.195 - - [04/Nov/2025:01:58:47 +0200] "POST /index.php?9097f1=51373 HTTP/1.1" 200 1704 "-" "Mozilla/5.0 (Windows NT 10.0; Win64; x64) AppleWebKit/537.36 (KHTML, like Gecko) Chrome/104.0.5112.97 Safari/537.36"
88.99.13.2 - - [04/Nov/2025:02:13:56 +0200] "POST /index.php?c90de2=86305 HTTP/1.1" 200 1704 "-" "Mozilla/5.0 (Windows NT 10.0; Win64; x64) AppleWebKit/537.36 (KHTML, like Gecko) Chrome/104.0.5112.97 Safari/537.36"
188.245.48.218 - - [04/Nov/2025:02:28:58 +0200] "POST /index.php?2ca843=39631 HTTP/1.1" 200 1704 "-" "Mozilla/5.0 (Windows NT 10.0; Win64; x64) AppleWebKit/537.36 (KHTML, like Gecko) Chrome/104.0.5112.97 Safari/537.36"
95.168.190.199 - - [04/Nov/2025:02:37:21 +0200] "GET /robots.txt HTTP/1.1" 200 349 "-" "Mozilla/5.0 (compatible; ORT/v1.0.0; visit ORTc.me )"
116.202.106.0 - - [04/Nov/2025:02:43:59 +0200] "POST /index.php?59670c=26152 HTTP/1.1" 200 1704 "-" "Mozilla/5.0 (Windows NT 10.0; Win64; x64) AppleWebKit/537.36 (KHTML, like Gecko) Chrome/104.0.5112.97 Safari/537.36"
116.202.110.255 - - [04/Nov/2025:02:59:08 +0200] "POST /index.php?7616e7=96496 HTTP/1.1" 200 1704 "-" "Mozilla/5.0 (Windows NT 10.0; Win64; x64) AppleWebKit/537.36 (KHTML, like Gecko) Chrome/104.0.5112.97 Safari/537.36"
144.76.19.75 - - [04/Nov/2025:03:04:35 +0200] "GET /robots.txt HTTP/1.1" 200 349 "-" "Mozilla/5.0 (compatible; BLEXBot/1.0; +https://help.seranking.com/en/blex-crawler)"
144.76.19.75 - - [04/Nov/2025:03:04:35 +0200] "GET /?path=/bin HTTP/1.1" 200 666332 "-" "Mozilla/5.0 (compatible; BLEXBot/1.0; +https://help.seranking.com/en/blex-crawler)"
144.76.19.75 - - [04/Nov/2025:03:05:55 +0200] "GET /?path=/etc HTTP/1.1" 200 114070 "-" "Mozilla/5.0 (compatible; BLEXBot/1.0; +https://help.seranking.com/en/blex-crawler)"
144.76.19.75 - - [04/Nov/2025:03:05:59 +0200] "GET /?path=/lib HTTP/1.1" 200 66315 "-" "Mozilla/5.0 (compatible; BLEXBot/1.0; +https://help.seranking.com/en/blex-crawler)"
144.76.19.75 - - [04/Nov/2025:03:06:13 +0200] "GET /?path=/opt HTTP/1.1" 200 29881 "-" "Mozilla/5.0 (compatible; BLEXBot/1.0; +https://help.seranking.com/en/blex-crawler)"
144.76.19.75 - - [04/Nov/2025:03:06:18 +0200] "GET /?path=/run HTTP/1.1" 200 29971 "-" "Mozilla/5.0 (compatible; BLEXBot/1.0; +https://help.seranking.com/en/blex-crawler)"
144.76.19.75 - - [04/Nov/2025:03:06:28 +0200] "GET /?path=/tmp HTTP/1.1" 200 12996 "-" "Mozilla/5.0 (compatible; BLEXBot/1.0; +https://help.seranking.com/en/blex-crawler)"
144.76.19.75 - - [04/Nov/2025:03:06:37 +0200] "GET /?path=/usr HTTP/1.1" 200 25882 "-" "Mozilla/5.0 (compatible; BLEXBot/1.0; +https://help.seranking.com/en/blex-crawler)"
144.76.19.75 - - [04/Nov/2025:03:06:48 +0200] "GET /?path=/var HTTP/1.1" 200 29709 "-" "Mozilla/5.0 (compatible; BLEXBot/1.0; +https://help.seranking.com/en/blex-crawler)"
144.76.19.75 - - [04/Nov/2025:03:07:02 +0200] "GET /?path=/proc HTTP/1.1" 200 95897 "-" "Mozilla/5.0 (compatible; BLEXBot/1.0; +https://help.seranking.com/en/blex-crawler)"
144.76.19.75 - - [04/Nov/2025:03:07:11 +0200] "GET /?path=/root HTTP/1.1" 200 12998 "-" "Mozilla/5.0 (compatible; BLEXBot/1.0; +https://help.seranking.com/en/blex-crawler)"
144.76.19.75 - - [04/Nov/2025:03:07:21 +0200] "GET /?path=/sbin HTTP/1.1" 200 74694 "-" "Mozilla/5.0 (compatible; BLEXBot/1.0; +https://help.seranking.com/en/blex-crawler)"
144.76.19.75 - - [04/Nov/2025:03:07:25 +0200] "GET /?path=/home2 HTTP/1.1" 200 13000 "-" "Mozilla/5.0 (compatible; BLEXBot/1.0; +https://help.seranking.com/en/blex-crawler)"
144.76.19.75 - - [04/Nov/2025:03:07:39 +0200] "GET /?path=/home3 HTTP/1.1" 200 13000 "-" "Mozilla/5.0 (compatible; BLEXBot/1.0; +https://help.seranking.com/en/blex-crawler)"
